{"id":119,"date":"2016-03-23T10:39:11","date_gmt":"2016-03-23T09:39:11","guid":{"rendered":"http:\/\/fefs.pl\/?page_id=119"},"modified":"2022-12-20T17:28:25","modified_gmt":"2022-12-20T16:28:25","slug":"visual-park","status":"publish","type":"page","link":"https:\/\/fefs.pl\/?page_id=119","title":{"rendered":"Visual Park"},"content":{"rendered":"<p><strong>Projekt realizowany we wsp\u00f3\u0142pracy z ABC Gallery w Poznaniu. Koncepcja i nadz\u00f3r kuratorski: Katarzyna Jankowiak-Gumna<\/strong><\/p>\n<p>W przestrzeni publicznej nad Jeziorem Strzeszy\u0144skim w Poznaniu powstaje unikatowy na skal\u0119 kraju park rze\u017aby i obiekt\u00f3w artystycznych. W krajach Zachodniej Europy jest takich miejsc sporo, w Polsce s\u0105 nadal rzadko\u015bci\u0105. Nieliczne kolekcje rze\u017aby w przestrzeniach publicznych s\u0105 najcz\u0119\u015bciej rozproszone w przestrzeniach urbanistycznych (np. znakomita kolekcja w Elbl\u0105gu), co w zasadniczy spos\u00f3b utrudnia ich zwiedzanie. Je\u015bli projekt Visual Park b\u0119dzie si\u0119 rozwija\u0107 zgodnie z za\u0142o\u017ceniami \u2013 Pozna\u0144 ma szans\u0119 zosta\u0107 wiod\u0105cym o\u015brodkiem promuj\u0105cym wsp\u00f3\u0142czesn\u0105 sztuk\u0119 form przestrzennych. Zarazem przestrze\u0144 parku nad Jeziorem Strzeszy\u0144skim (wzorem takich o\u015brodk\u00f3w jak Luisiana pod Kopenhag\u0105 czy Kroller-Muller w Holandii)\u00a0 stanie si\u0119 miejscem atrakcyjnym dla turyst\u00f3w i obszarem niewymuszonego, naturalnego kontaktu ze sztuk\u0105 i edukacji dla mieszka\u0144c\u00f3w miasta.<\/p>\n<p><strong>VISUAL PARK jest przestrzeni\u0105 zagospodarowan\u0105 w spos\u00f3b prowokuj\u0105cy do \u015bwiadomego, uwa\u017cnego, poznawczego i krytycznego obserwowania rzeczywisto\u015bci. Zainstalowane tam obiekty stanowi\u0105 tak\u017ce element programu edukacyjnego, kt\u00f3ry jest integraln\u0105 cz\u0119\u015bci\u0105\u00a0 projektu. <\/strong><\/p>\n<p>Edukacyjny aspekt <strong>VISUAL PARK \u2013 SZTUKA PATRZENIA<\/strong> pozwala w niekonwencjonalny i nowoczesny spos\u00f3b wi\u0105za\u0107 pozornie odleg\u0142e od siebie obszary: r\u00f3\u017cne dziedziny plastyki, sztuk\u0119 wsp\u00f3\u0142czesn\u0105 i jej \u015bwiadomy i krytyczny odbi\u00f3r, biologi\u0119 i ekologi\u0119 (elementem projektu VISUAL PARK jest tak\u017ce Eko-\u0141\u0105ka edukacyjna).<\/p>\n<p>Wszystkie obiekty na terenie Visual Park zaopatrzone s\u0105 w tablice zawieraj\u0105ce (opr\u00f3cz nazwiska autora i tytu\u0142u) szereg pyta\u0144 naprowadzaj\u0105cych widza na tropy i w\u0105tki interpretacyjne i prowokuj\u0105ce samodzielne pr\u00f3by odczytania mo\u017cliwych znacze\u0144 poszczeg\u00f3lnych prac. Uzupe\u0142nieniem tablic jest <strong>Visual Park Guide \u2013 bezp\u0142atny przewodnik<\/strong> (do pobrania w ABC Gallery), gdzie widz znajdzie mapk\u0119 obiekt\u00f3w, szczeg\u00f3\u0142owe opisy rze\u017ab oraz informacje o ich autorach.<\/p>\n<p><strong>\u00a0<\/strong><\/p>\n<p>Wi\u0119cej na:<\/p>\n<blockquote class=\"wp-embedded-content\" data-secret=\"g1B8SoB8Ae\"><p><a href=\"http:\/\/abcgallery.pl\/visual-park\/\">Visual Park<\/a><\/p><\/blockquote>\n<p><iframe class=\"wp-embedded-content\" sandbox=\"allow-scripts\" security=\"restricted\" style=\"position: absolute; clip: rect(1px, 1px, 1px, 1px);\" src=\"http:\/\/abcgallery.pl\/visual-park\/embed\/#?secret=g1B8SoB8Ae\" data-secret=\"g1B8SoB8Ae\" width=\"500\" height=\"282\" title=\"&#8220;Visual Park&#8221; &#8212; ABC GALLERY\" frameborder=\"0\" marginwidth=\"0\" marginheight=\"0\" scrolling=\"no\"><\/iframe><\/p>\n<p><img decoding=\"async\" class=\"ngg_displayed_gallery mceItem\" src=\"http:\/\/fefs.pl\/index.php\/nextgen-attach_to_post\/preview\/id--138\" alt=\"\" data-mce-placeholder=\"1\" \/><\/p>\n<div class=\"share-this group\"><span class=\"share\">Share &rarr;<\/span><\/p>\n<div><a href=\"http:\/\/twitter.com\/share\" class=\"twitter-share-button\" data-count=\"horizontal\">Tweet<\/a><\/div>\n<div class=\"plusone\"><g:plusone size=\"medium\" href=\"https:\/\/fefs.pl\/?page_id=119\"><\/g:plusone><\/div>\n<div class=\"facebook-like-button\"><iframe src=\"http:\/\/www.facebook.com\/plugins\/like.php?href=https%3A%2F%2Ffefs.pl%2F%3Fpage_id%3D119&amp;layout=button_count&amp;show_faces=false&amp;width=200&amp;action=like&amp;colorscheme=light&amp;height=21\"scrolling=\"no\" frameborder=\"0\" style=\"border:none; overflow:hidden; width:200px; height:21px;\" allowTransparency=\"true\"><\/iframe><\/div>\n<\/div>\n","protected":false},"excerpt":{"rendered":"<p>Projekt realizowany we wsp\u00f3\u0142pracy z ABC Gallery w Poznaniu. Koncepcja i nadz\u00f3r kuratorski: Katarzyna Jankowiak-Gumna W przestrzeni publicznej nad Jeziorem Strzeszy\u0144skim w Poznaniu powstaje unikatowy na skal\u0119 kraju park rze\u017aby i obiekt\u00f3w artystycznych. W krajach Zachodniej Europy jest takich miejsc sporo, w Polsce s\u0105 nadal rzadko\u015bci\u0105. Nieliczne kolekcje rze\u017aby w przestrzeniach publicznych s\u0105 najcz\u0119\u015bciej rozproszone [&hellip;]<\/p>\n","protected":false},"author":3,"featured_media":0,"parent":0,"menu_order":0,"comment_status":"closed","ping_status":"closed","template":"","meta":[],"_links":{"self":[{"href":"https:\/\/fefs.pl\/index.php?rest_route=\/wp\/v2\/pages\/119"}],"collection":[{"href":"https:\/\/fefs.pl\/index.php?rest_route=\/wp\/v2\/pages"}],"about":[{"href":"https:\/\/fefs.pl\/index.php?rest_route=\/wp\/v2\/types\/page"}],"author":[{"embeddable":true,"href":"https:\/\/fefs.pl\/index.php?rest_route=\/wp\/v2\/users\/3"}],"replies":[{"embeddable":true,"href":"https:\/\/fefs.pl\/index.php?rest_route=%2Fwp%2Fv2%2Fcomments&post=119"}],"version-history":[{"count":9,"href":"https:\/\/fefs.pl\/index.php?rest_route=\/wp\/v2\/pages\/119\/revisions"}],"predecessor-version":[{"id":681,"href":"https:\/\/fefs.pl\/index.php?rest_route=\/wp\/v2\/pages\/119\/revisions\/681"}],"wp:attachment":[{"href":"https:\/\/fefs.pl\/index.php?rest_route=%2Fwp%2Fv2%2Fmedia&parent=119"}],"curies":[{"name":"wp","href":"https:\/\/api.w.org\/{rel}","templated":true}]}}